 - (-26339 - 14)*1?
6
Suppose 0 = -5*w - a + 116451, 40*w - 36*w - a - 93150 = 0. What is the units digit of w?
9
Let z be 3 + (216/(-32))/((-2)/48). Let y = 216 - z. What is the units digit of y?
1
Let r(s) = -3*s + 3. Let l be r(1). Suppose t + b + 4*b + 3 = l, 0 = b + 1. What is the units digit of t/(0 + -2) - (-10 + 1)?
8
Let y(w) = -10*w + 155. Let h be y(16). Let l(t) = -8*t**3 - 4*t**2 - 21*t + 5. What is the tens digit of l(h)?
1
Suppose 2*a - 3 = 3*t + 2, 2*t = 5*a - 29. Let y be ((-3)/2)/(-1)*330/9. Suppose a*k - 2*k = y. What is the tens digit of k?
1
Let c(h) = h**3 - 23*h**2 - 32*h - 66. Let u be c(24). What is the units digit of 27/(-6)*3*u/9?
7
Suppose 3*d = 5*d - 458. Suppose -5*h + d = -51. Suppose -4*a - 3*m = -h, 2*a - 2*m - 6 = 8. What is the tens digit of a?
1
Let y(d) be the second derivative of -d**5/20 + 5*d**4/12 - d**3/3 - d**2/2 - 15*d. Let z be y(4). Suppose z - 116 = -h. What is the units digit of h?
9
Let n(o) be the second derivative of -7/2*o**2 + 11/6*o**3 - 16*o + 0. What is the tens digit of n(9)?
9
Let z = 30 - -118. Suppose 6*j = z + 74. Let o = j + -13. What is the tens digit of o?
2
Suppose -64 = 18*g + 8. What is the tens digit of (634/(-4))/(2/g)?
1
Let i be ((-2967)/43)/(((-3)/22)/1). Let g = i - 303. What is the tens digit of g?
0
Let o(u) = 12*u**3 - 5*u**2 + 23*u. What is the units digit of o(10)?
0
Suppose 2*t + 937 = v, -t - 205 = -2*v + 271. Let h = 979 + t. What is the tens digit of h?
1
Let j = -183 + 194. What is the hundreds digit of 660 + 7/(4 - j)?
6
Suppose -1254*l = -1211*l - 343269. What is the tens digit of l?
8
Let a(g) = g**3 - g**2 - 2*g + 2. Let x be a(0). Suppose -x*r = -14 + 2. What is the units digit of ((-48)/10 + r)/((-3)/(-50))?
0
Let h(q) = 64*q + 13. Let j(b) be the second derivative of -16*b**3/3 - 3*b**2 - 5*b. Let k(a) = 3*h(a) + 5*j(a). What is the hundreds digit of k(3)?
1
Suppose 624728 = 18*x + 182018. What is the thousands digit of x?
4
Let o(a) = 67*a - 15. Suppose -12 = -176*t + 173*t. What is the tens digit of o(t)?
5
Let p be 447*(-3)/(-18) - 2/(-4). Let q = 77 - p. Suppose 0 = -i + q*i - 67. What is the tens digit of i?
6
What is the tens digit of (3 + (-8)/4)/(-5 + (-138036)/(-27606))?
0
Suppose -3*x - 4 = -3*v + 5*v, 2*x - 5*v - 29 = 0. Let o(d) = 55*d**3 - d**2 - 3*d. What is the hundreds digit of o(x)?
4
Let i(q) = -q**3 - 11*q**2 + 2*q + 18. Let y be i(-12). Suppose -4 = -f - r, -5*f + r + 4 + 4 = 0. Suppose 4*z = f*z + y. What is the tens digit of z?
6
Let d(w) = 0*w**2 + w**2 + 11*w - 2*w - 2*w**2 - 17. Let z be d(5). Suppose 0 = -2*s - 2*q + 125 + 39, -4*q = -z*s + 246. What is the units digit of s?
2
Let w = 41315 + -17957. What is the tens digit of w?
5
Suppose -41 + 47 = a. Let w be a/14 - (-3 + (-48)/(-14)). Suppose w = -3*p - 3*k + 372, -5*p - 4*k + 642 = 17. What is the units digit of p?
9
Suppose 5*p = 4*u - 141, u + 4*p = 6*u - 165. Let h(v) = -198*v + 5108. Let f be h(26). Let d = u - f. What is the tens digit of d?
6
Let x = 91 - -293. Suppose 10*n - 12*n = -x. Suppose 3*w = 552 - n. What is the tens digit of w?
2
Let i = -20 - -20. Suppose -3*m + 0*m + 3 = 3*h, -h - 3*m + 1 = i. Let s(t) = 134*t**3 + 2*t**2 - 2*t + 1. What is the tens digit of s(h)?
3
Suppose -2*h + 55 = -h + 5*c, -3*h = -4*c - 70. What is the units digit of 400/(-3)*((-264)/h + 4)?
0
Suppose -2*w + 3*w + 4*d = 176, w + d - 182 = 0. Suppose -5*a - w = -2*t - a, -4*a = 16. What is the tens digit of t?
8
Suppose 5*t = -2*h + 60916, 3*t - 36558 = -210*h + 213*h. What is the thousands digit of t?
2
Let f = -973 - -1693. Let n = 504 - f. Let v = 31 - n. What is the tens digit of v?
4
Let b(u) = 51*u - 706. Let i be b(16). Let q = 84 - 141. Let o = i + q. What is the units digit of o?
3
Suppose 67 = m - 5*y, 4*m + 4*y + 188 = 8*m. Suppose 2*i = -58 - m. What is the tens digit of 1/((-5)/(-677)) - i/(-125)?
3
Let q(h) = h**3 + 8*h**2 - h. Suppose p = w, -p + w = -4*p + 20. Let s be (2*p + -1)/((-93)/62). What is the units digit of q(s)?
8
Let i(p) = 108*p**2 - 6*p - 16. Let j be i(-7). Let g = j + -3433. What is the tens digit of g?
8
Suppose -6*h = -h + 4*p + 5, -3*p = 0. Let v be ((-26)/(-4))/((h - 2)/(-6)). Suppose 10*f - v*f + 327 = 0. What is the tens digit of f?
0
Suppose -5*a + 4621 = q, 4*a - 5*q - 646 - 3074 = 0. Let v = -333 + a. What is the units digit of v?
2
Let u be ((-17073)/(-105))/(2/20). Suppose 0 = 4*s + 2*x - u, -4*s - 5*x = -0*s - 1629. What is the units digit of s?
6
Let b(y) = 5*y + 13. Let t(z) = 5*z + 12. Let u(d) = 5*b(d) - 6*t(d). Let x be u(-3). Suppose -6*p - 90 = -x*p. What is the units digit of p?
5
Let u = 110 + -92. Suppose -k - 45 = -5*t, -4*k - u = -t - t. Suppose 11*i - 302 = t*i. What is the units digit of i?
1
Let p(v) = -v**2 - 10*v + 84. Let j be p(5). Let g = 1 + 0. What is the tens digit of (-10 + j)/(g - 27/26)?
2
Suppose -6 = -h + 20. Suppose -9*k + 26 = h. What is the hundreds digit of -1*(17 - -7)*(k + -8)?
1
Let v(d) = -4*d**2 - 35*d - 10. Let w be v(-10). Let k = w + 98. What is the tens digit of k?
3
Suppose -12*k - 627 = -15*k. Suppose 5*r - k = 101. Suppose 204 = 2*o + r. What is the units digit of o?
1
Let j(u) = -u**3 - 6*u**2 - 4*u + 10. Let i be j(-5). Suppose i*d - 4 + 29 = 0, 4*d + 14 = -2*k. Suppose -20 = -k*t - t. What is the units digit of t?
5
Let c(t) = -t**3 + t**2 + 3*t + 54. Let v be c(7). What is the tens digit of (62926/v)/(4/(-6))?
3
Suppose 9*c - 4*c - 15680 = 2*t, -2*t - 6272 = -2*c. Suppose -22*l - c = -36*l. What is the tens digit of l?
2
Let a(h) = 10*h + 130 - 70 - 64. Let m be a(3). Suppose 0 = -5*k + 5*x + 190, 3*k - m - 93 = 4*x. What is the tens digit of k?
3
Suppose 32*c = 27*c + 43330. What is the units digit of c?
6
Suppose -3767 = -5*l + 3083. Suppose -2*y + 3*y - l = 3*w, -2*w = 5*y - 6850. What is the thousands digit of y?
1
Let w = -70 - -247. Suppose w - 3327 = -6*k. What is the hundreds digit of k?
5
Suppose l + 3*j - 19 = 0, 11 - 1 = 2*j. Suppose 0 = 3*w + 3*v - 12, -2*w = w - v + l. What is the units digit of w - 3/(-5) - (-14896)/190?
9
Suppose 3*a - 1748 - 7894 = 0. Suppose -18*c + a + 2186 = 0. Let t = c - 172. What is the tens digit of t?
2
What is the hundreds digit of 141/(-846) - 46819/(-6)?
8
Suppose 0 = 5*z - 3*z + 2*k - 1498, 2*z - 2*k = 1494. Suppose 5*y - 356 = -14*r + 13*r, -2*r + 2*y + z = 0. What is the hundreds digit of r?
3
Let b(l) = -29*l**3 + 18*l**2 + 33*l + 10. What is the tens digit of b(-9)?
1
Let i = 42 + -40. Suppose i*d + 30 = 7*d. Suppose d = m - 9. What is the tens digit of m?
1
Let o(h) = -16 + 9*h**2 + 2*h**2 - 28*h - 9*h**2 + 92. What is the hundreds digit of o(27)?
7
Let i be (3 - 1)*1 + -88 + 168. Suppose -s - i + 923 = 0. What is the units digit of s?
1
Let m(r) = -30*r + 1296. What is the tens digit of m(-6)?
7
Let f = -60632 - -109683. What is the thousands digit of f?
9
Suppose -2*t + 2*l + 4943 = -4915, -3*t + l = -14791. What is the units digit of t?
1
Suppose 2*v = 4*y, -4*v - 2*y + 16 - 6 = 0. Let x(o) = -o - o - o**3 - 3*o + 8*o**v + 0*o**3 + 4. What is the units digit of x(4)?
8
Suppose 0 = -4*g - 61*g + 471705. What is the units digit of g?
7
Let k(h) = 724*h - 4794. What is the hundreds digit of k(21)?
4
Let p(c) = 173*c**2 - 7*c + 21. Let g be p(-7). Suppose -2691 + g = 32*i. What is the tens digit of i?
8
Let f(p) = 3*p**3 - 7*p**2 + 9*p - 68. Let x be f(10). Let r = x + -1654. What is the tens digit of r?
6
Let f = -66046 - -117888. What is the hundreds digit of f?
8
Let z = 367 - 381. What is the units digit of (-35)/z*1*214?
5
Let r(c) be the first derivative of 104*c**3/3 - 3*c**2/2 - 14. Let i be r(-3). What is the units digit of (i/(-30))/((-1)/2)?
3
Let f(o) = 25*o - 67. Let x be f(-5). Let a = 276 + x. What is the units digit of a?
4
Suppose -5 = -4*w + z, -2*z - 2 = -w + 1. Let y be (-8)/(-12) + w/3 - 3. What is the units digit of 1*(-5)/(-20)*(y + 238)?
9
Let p = 10547 - 6454. What is the hundreds digit of p?
0
Let c(u) = -17*u**3 - 12*u**2 - 98*u - 259. What is the hundreds digit of c(-8)?
4
Let q(z) = -2632*z + 69. Let m be q(-8). Suppose 5*x + 20*x - m = 0. What is the units digit of x?
5
Suppose 61*m = 164430 + 3991. What is the tens digit of m?
6
Let l = 117 + -108. Suppose -l*u - 42 + 2643 = 0. What is the hundreds digit of u?
2